me number?
False
Suppose 2*c = 6*c - 4. Suppose t - 4 + c = 0. Is (-5 + t)/((-6)/69) a composite number?
False
Let p = -344 - -40. Let c = p + 1223. Is c a prime number?
True
Let b be 0/(((-6)/(-1))/3). Let n(m) = m - 6. Let u be n(b). Let t(g) = -40*g + 13. Is t(u) composite?
True
Let s be 357/(-9) - 2/6. Let f be (s/16)/((-2)/4). Suppose f*n - 98 = 3*n + 3*j, -5*n - 4*j + 199 = 0. Is n composite?
False
Let d be ((-4)/(-8))/(1/320). Let h = d - 101. Is h prime?
True
Suppose 2*y - 25 = 7*y. Is ((-155)/(-4))/(y/(-20)) a composite number?
True
Suppose 0 = 7*u - u + 1356. Let v = -143 - u. Is v a composite number?
False
Let h be 2/(-9) - (-10312)/(-9). Let l = h + 1615. Is l a composite number?
True
Let c = 13 + -11. Let t be 3/2 + 1723/c. Suppose 3*f + 230 = t. Is f a prime number?
True
Let k(q) = 2*q**2 - 6*q - 1. Let w be k(5). Let x = -16 + w. Is (-134)/x*6/(-4) composite?
False
Let z = 9 - 5. Suppose -8*a = -z*a + 576. Let t = a - -293. Is t a composite number?
False
Let v = -10697 + 17256. Is v prime?
False
Let c(j) = 8417*j + 826. Is c(9) prime?
True
Suppose 3*u - 12 = -c + 4*c, 3*u + 2 = -4*c. Suppose -456 = -4*h + u*q, -4*q = -h + 8 + 99. Is h a prime number?
False
Suppose -45*z + 33*z + 814596 = 0. Is z prime?
True
Is 2/(-5) + 1184194/110 a composite number?
True
Is ((-30446)/39)/(1/((-6)/4)) composite?
False
Suppose -3*f = -v - 33, 10*v - 31 = -4*f + 7*v. Is -677*(-11 + f + (0 - 0)) prime?
True
Let z(c) = 2*c**2 + 10*c - 21. Suppose n = -336 + 349. Is z(n) composite?
True
Let t = -13 + 15. Let v(j) = 11 - 11*j**2 + 4*j**2 + 5*j + 9*j**t. Is v(-10) composite?
True
Let b(q) = -201*q - 8. Let y be (-420)/45 - (-1)/3. Is b(y) a composite number?
False
Suppose 3*r + 7362 + 4650 = 3*v, 5*v - 4*r = 20025. Is v composite?
True
Suppose -30*h + 88864 = 2*h. Is h a prime number?
True
Is (1447/(-2))/((-3)/12) a prime number?
False
Suppose 3*v = -y + 203, y - 8*v - 189 = -4*v. Suppose -j + y = -20. Is j a prime number?
False
Let o be 0*(0 + (-2)/(-4)). Let g be (-6)/(-2) + (-4 - -6 - 7). Is (o - -147) + (0 - g) a prime number?
True
Let f(a) = a**3 - 8*a**2 - 7*a - 8. Suppose 6*p - 10*p + 36 = 0. Let h be f(p). Suppose h = 3*v - 11. Is v a composite number?
False
Let i(v) = 8*v**3 - 15*v**2 + 29*v - 159. Is i(13) a prime number?
True
Is (45196/16*6)/(54/36) a prime number?
True
Let o = 14470 + 2238. Is ((-30)/120)/((-1)/o) composite?
False
Let c(o) = -o. Let k be c(-10). Suppose 2*j = -5*s - 10, 2*s - 2*j = -3*s + k. Suppose 526 = 2*f - s*f. Is f composite?
False
Suppose 2*o = -3*o. Suppose o = -5*p + 3*l + 48, 2*p - 32 = p - 5*l. Is (-54)/p*194/(-3) a composite number?
True
Let l = 3437 + 234. Is l a composite number?
False
Let w = 12267 - 4318. Is w composite?
False
Suppose 3*o - t = 3*t + 26669, 0 = -o - 2*t + 8883. Is o composite?
False
Is 3/6 - -43*1694/4 a prime number?
True
Let x(k) be the second derivative of k**5/20 - k**4/3 + k**3/3 + 7*k**2/2 - 4*k. Is x(6) prime?
False
Let o(v) = v**3 - 15*v**2 - 58*v + 91. Is o(22) a prime number?
True
Let y = 712 + -455. Is y a prime number?
True
Suppose 0 = 4*z - 7*z. Suppose z = 4*h - q - 1000, -5*h - 2*q + 1263 = -0*h. Is h composite?
False
Let x(r) = r**2 + r - 504. Let d be x(0). Suppose -3*s + 5*g = 2645, -2*s - 2*s = -5*g + 3520. Let t = d - s. Is t a composite number?
True
Suppose -3*r + 4*p = -23, 4*p + 18 = -3*r + r. Is (24/2)/6 - (-897)/r a composite number?
True
Suppose -3*p + 721 + 3029 = -3*f, 0 = p - 4*f - 1253. Is p composite?
False
Let u(v) = -v**2 - 4*v. Let o be u(-2). Suppose 2*q + i - 4 = -2*q, 0 = 5*q - o*i - 26. Is q/3 + 2128/12 a prime number?
False
Let y(k) = 26*k**2 - 21*k - 71. Is y(24) a prime number?
True
Let p(w) = w - 6. Let q be p(6). Suppose -4 = -0*y - 2*y, 2*n + 2*y + 230 = q. Let k = -38 - n. Is k prime?
True
Is 38/(-551) - 244153/(-29) a composite number?
False
Suppose 15694 = 2*a - 3*u, 5*a - 4*u - 23543 = 2*a. Is a composite?
False
Let c = 1375 - 18. Is c a composite number?
True
Is 10677*(1 + -2)/(-3) a prime number?
True
Let o be 6/(-7)*(-28)/6. Suppose -96 = o*s + 4*n, 5*s - n = 3*n - 156. Is s/2*3/(-6) a prime number?
True
Let j = 449 - -3008. Is j a composite number?
False
Is 44757 - (2/(-8) + 646/152) a prime number?
True
Suppose -4*z + 2*h = 39 + 39, 5*z + h = -108. Let d = z + 24. Suppose -c + 11 = 2*s, 61 = d*c - s - 0*s. Is c prime?
True
Let k = 34 - 32. Suppose 5*a + 134 = 3*q + 1101, k*q = 4*a - 772. Is a a prime number?
True
Let n(k) = 2443*k - 57. Is n(5) a composite number?
True
Let h = -118 - -50. Let o = -10 - h. Is o a prime number?
False
Suppose -3*m + 19 = -5. Let r(i) = 5*i**2 - i - 10. Is r(m) a prime number?
False
Let u(r) = -2*r**3 - 8*r**2 + 6*r + 15. Let o = 69 + -77. Is u(o) composite?
False
Suppose 2*g - 1489 = 3853. Is g a composite number?
False
Suppose 2*j + 0 = 6. Suppose -21 = -j*t + n + 2*n, 0 = 5*t + 2*n - 14. Let g = 18 + t. Is g a composite number?
True
Suppose -2*k = 21*z - 19*z - 106034, -5*k + z + 265085 = 0. Is k prime?
True
Let m(b) = 198*b**3 + 7*b**2 - 3*b + 9. Is m(4) composite?
False
Let k(q) = 2*q**2 - 14*q + 18. Let a be k(6). Suppose -3*i = i - 4044. Suppose 3*n + i = a*n. Is n a composite number?
False
Let s(y) = -1964*y + 389. Is s(-12) a composite number?
False
Suppose w = 17 + 39. Let h = 93 - w. Is h composite?
False
Suppose -3*r - 2755 = -5*a, 4*a + 5*r = 8*a - 2191. Let x = a - 331. Is x prime?
True
Let w = 211 - -275. Suppose 3*c = w + 471. Is c a prime number?
False
Let s(k) = 2452*k**2 - 5*k - 1. Is s(2) prime?
False
Let m(n) = -48*n - 15. Let p(a) = 97*a + 27. Let d(z) = 7*m(z) + 4*p(z). Suppose -4*u = u - 20. Is d(u) composite?
False
Let k(w) = -180*w + 7. Let y(q) = 45*q - 2. Let i(p) = 2*k(p) + 9*y(p). Suppose -u + 5*u - 12 = 0. Is i(u) prime?
True
Let i(u) = -2 + 2*u**2 + 4*u**2 + 5*u**2 + 3*u + u. Let m be i(1). Let v = 36 - m. Is v composite?
False
Let m be (-16)/(-28)*(-35)/(-5). Suppose -m*n - 2*w + 2876 = -0*w, w + 2876 = 4*n. Is n a prime number?
True
Let k(z) = 29 + 12*z**2 - 24*z**2 + 3*z + 13*z**2. Is k(12) prime?
False
Suppose -2*u + 60 = 4*f, -2*u + 5*u - 95 = -f. Suppose -4*t + 8 = -u. Is t/(3 + 2) + 405 composite?
True
Let t be 202/(-8)*(2 + -6). Suppose 0 = 3*y - 7*y + b + 1229, -y = -3*b - 321. Let i = y - t. Is i prime?
False
Suppose 4*l - 8 = 0, -6*a + a + 4*l = -3517. Let j = 215 + -699. Let k = j + a. Is k prime?
False
Suppose 2*z + 17 = 3*f, -4*f + 6*z - z = -18. Suppose f = -7*d + 8*d. Is d composite?
False
Let x(m) = -38*m - 71. Is x(-15) a composite number?
False
Suppose -2*b + b = -2*a - 5, -5*b - 3*a = -25. Suppose k = -5*j - 34, b*k + 7*j = 4*j - 82. Let v(l) = l**3 + 15*l**2 + 9*l - 11. Is v(k) a composite number?
False
Suppose -2*f = -4*w + 39664, 2*w = 3*f - 1327 + 21155. Is w a composite number?
True
Let b be (-2)/9 + (-4)/(-18). Suppose -6*d + 12 + 6 = b. Suppose 0 = d*f - 1740 - 2313. Is f a prime number?
False
Suppose -58*c + 940991 = -17*c. Is c a composite number?
True
Let z(w) = -w**3 - 4*w**2 - w - 2 + 2*w - 5*w. Let r be z(-2). Is 2/(-4) + (-19)/r prime?
False
Suppose -2*f + 3*m = -0*f - 199, -303 = -3*f + 3*m. Suppose 0 = 3*o + o - f. Is o prime?
False
Suppose 11*l - 2492 = 17319. Is l a composite number?
False
Let n be 33/(1350/(-452) - -3). Let b be 8/(-24) - (-1754)/6. Suppose b = -2*x + n. Is x prime?
True
Suppose 39*z = 43*z - 11444. Is z a prime number?
True
Let j = -53 + 51. Is (-18 - -16)*533/j a prime number?
False
Let t = 31099 - 17468. Is t composite?
True
Let k = 1183 - -4152. Let q = -2610 + k. Suppose -u = 4*u - q. Is u prime?
False
Let m be 3/(6/4) + (0 - 2). Suppose -4*w + 362 + 1002 = m. Is w composite?
True
Let t(p) = -310*p + p**2 + 1 - 6 + 312*p - 13*p**3. Let m(c) = c**3 + c**2 - c - 2. Let f be m(-2). Is t(f) composite?
True
Let n = 2 + 2. Let v(u) = u**3 + 9*u**2 + 6. Let d be v(-9). Suppose 3*z = -n*c + 1204, -c + d*z = z - 301. Is c composite?
True
Let a(r) = -r**3 - 6*r**2 - 4*r + 9. Let c be a(-5). Is ((-15380)/(-28) - 4) + c/(-14) composite?
True
Let q = -614 + 1317. Is q a prime number?
False
Let w be (-2 - 6)/2 - 0. Is 157 + 0*2/w composite?
False
Let n = 4391 + 7460. Is n composite?
True
Let y(b) = 4*b**2 - 34*b + 7. Is y(25) a prime number?
True
Let k(x) = -88*x + 31. Let f(l) = -175*l + 62. Let p(b) = 2*f(b) - 5*k(b). Is p(8)